08?
0
What is the hundred thousands digit of 5436621?
4
What is the millions digit of 7261879?
7
What is the millions digit of 1341298?
1
What is the hundreds digit of 6184724?
7
What is the ten thousands digit of 117830?
1
What is the ten thousands digit of 10371027?
7
What is the thousands digit of 19511426?
1
What is the thousands digit of 767952?
7
What is the hundred thousands digit of 10451409?
4
What is the tens digit of 57378?
7
What is the tens digit of 3490494?
9
What is the tens digit of 11904885?
8
What is the millions digit of 1167339?
1
What is the tens digit of 6298?
9
What is the hundreds digit of 562787?
7
What is the thousands digit of 7283033?
3
What is the units digit of 843120?
0
What is the thousands digit of 448463?
8
What is the hundreds digit of 285961?
9
What is the hundred thousands digit of 8172501?
1
What is the thousands digit of 141284?
1
What is the millions digit of 1685552?
1
What is the hundred thousands digit of 254828?
2
What is the tens digit of 535169?
6
What is the hundreds digit of 714573?
5
What is the hundreds digit of 743194?
1
What is the ten thousands digit of 304801?
0
What is the ten thousands digit of 2394646?
9
What is the units digit of 231927?
7
What is the millions digit of 2838605?
2
What is the hundreds digit of 115742?
7
What is the units digit of 1456687?
7
What is the hundreds digit of 837452?
4
What is the ten thousands digit of 308481?
0
What is the ten thousands digit of 288873?
8
What is the hundred thousands digit of 2761549?
7
What is the ten thousands digit of 826006?
2
What is the tens digit of 990934?
3
What is the hundred thousands digit of 219294?
2
What is the hundreds digit of 3122603?
6
What is the units digit of 185807?
7
What is the thousands digit of 272350?
2
What is the tens digit of 1266094?
9
What is the units digit of 47088?
8
What is the units digit of 918255?
5
What is the units digit of 136225?
5
What is the hundreds digit of 64425?
4
What is the hundreds digit of 4083306?
3
What is the millions digit of 1141918?
1
What is the units digit of 66308?
8
What is the units digit of 16498471?
1
What is the hundreds digit of 8036929?
9
What is the units digit of 6582387?
7
What is the units digit of 2851822?
2
What is the millions digit of 20219017?
0
What is the units digit of 7781403?
3
What is the tens digit of 664655?
5
What is the units digit of 4021238?
8
What is the ten thousands digit of 94919?
9
What is the thousands digit of 2674626?
4
What is the thousands digit of 3267582?
7
What is the ten millions digit of 15195090?
1
What is the tens digit of 806610?
1
What is the tens digit of 3126075?
7
What is the hundreds digit of 477744?
7
What is the millions digit of 2552953?
2
What is the hundreds digit of 2090082?
0
What is the ten thousands digit of 229236?
2
What is the thousands digit of 5254929?
4
What is the thousands digit of 682851?
2
What is the millions digit of 6287967?
6
What is the hundred thousands digit of 2296450?
2
What is the hundred thousands digit of 1287233?
2
What is the units digit of 5760010?
0
What is the ten thousands digit of 11080901?
8
What is the thousands digit of 140194?
0
What is the ten thousands digit of 64982?
6
What is the tens digit of 214817?
1
What is the hundreds digit of 3491213?
2
What is the thousands digit of 709275?
9
What is the tens digit of 783301?
0
What is the tens digit of 383178?
7
What is the tens digit of 2471800?
0
What is the ten thousands digit of 5761592?
6
What is the millions digit of 1230455?
1
What is the hundreds digit of 358209?
2
What is the units digit of 362886?
6
What is the ten thousands digit of 526782?
2
What is the ten thousands digit of 149958?
4
What is the hundreds digit of 390063?
0
What is the units digit of 747372?
2
What is the ten millions digit of 33609149?
3
What is the tens digit of 950741?
4
What is the hundreds digit of 20252320?
3
What is the ten millions digit of 32480227?
3
What is the hundreds digit of 4197369?
3
What is the ten thousands digit of 46233?
4
What is the units digit of 53977?
7
What is the thousands digit of 5007064?
7
What is the thousands digit of 2746585?
6
What is the ten thousands digit of 3532182?
3
What is the ten millions digit of 12554927?
1
What is the hundreds digit of 501955?
9
What is the units digit of 1076249?
9
What is the thousands digit of 3360076?
0
What is the tens digit of 8669598?
9
What is the hundred thousands digit of 1885460?
8
What is the ten millions digit of 16580710?
1
What is the millions digit of 4860440?
4
What is the thousands digit of 153459?
3
What is the hundreds digit of 1487756?
7
What is the tens digit of 537958?
5
What is the millions digit of 1522004?
1
What is the tens digit of 9632094?
9
What is the hundred thousands digit of 13804676?
8
What is the hundred thousands digit of 565436?
5
What is the hundreds digit of 1509636?
6
What is the tens digit of 784777?
7
What is the hundred thousands digit of 1695775?
6
What is the thousands digit of 60384?
0
What is the millions digit of 1143861?
1
What is the tens digit of 23362349?
4
What is the hundred thousands digit of 505574?
5
What is the thousands digit of 449991?
9
What is the tens digit of 24050739?
3
What is the hundred thousands digit of 185488?
1
What is the hundreds digit of 2161047?
0
What is the hundred thousands digit of 237022?
2
What is the hundred thousands digit of 533277?
5
What is the thousands digit of 6685?
6
What is the millions digit of 1146060?
1
What is the millions digit of 2494556?
2
What is the hundred thousands digit of 536064?
5
What is the thousands digit of 140620?
0
What is the ten thousands digit of 29251209?
5
What is the thousands digit of 46627?
6
What is the units digit of 530584?
4
What is the units digit of 400138?
8
What is the millions digit of 1271993?
1
What is the ten thousands digit of 466932?
6
What is the hundreds digit of 229167?
1
What is the ten thousands digit of 638304?
3
What is the hundreds digit of 2280091?
0
What is the hundreds digit of 12409489?
4
What is the thousands digit of 9413781?
3
What is the millions digit of 1497069?
1
What is the millions digit of 2059534?
2
What is the hundred thousands digit of 4219759?
2
What is the tens digit of 7742900?
0
What is the units digit of 892132?
2
What is the thousands digit of 1344212?
4
What is the hundreds digit of 230113?
1
What is the thousands digit of 3095638?
5
What is the hundred thousands digit of 3230852?
2
What is the thousands digit of 56582?
6
What is the hundreds digit of 4183236?
2
What is the ten thousands digit of 194804?
9
What is the hundred thousands digit of 5305402?
3
What is the hundred thousands digit of 190759?
1
What is the ten thousands digit of 23655?
2
What is the hundred thousands digit of 16763268?
7
What is the hundred thousands digit of 157646?
1
What is the tens digit of 432261?
6
What is the hundreds digit of 2116714?
7
What is the ten thousands digit of 152203?
5
What is the hundreds digit of 2183061?
0
What is the ten thousands digit of 2888316?
8
What is the ten thousands digit of 3450299?
5
What is the ten thousands digit of 85593?
8
What is the ten millions digit of 10830509?
1
What is the hundreds digit of 91761?
7
What is the millions digit of 9431725?
9
What is the hundred thousands digit of 157105?
1
What is the thousands digit of 7120424?
0
What is the ten thousands digit of 808449?
0
What is the millions digit of 4057668?
4
What is the hundred thousands digit of 118952?
1
What is the ten thousands digit of 1409712?
0
What is the units digit of 157207?
7
What is the units digit of 260363?
3
What is the hundred thousands digit of 2904966?
9
What is the thousands digit of 1382027?
2
What is the ten thousands digit of 3639040?
3
What is the ten thousands digit of 1114563?
1
What is the hundred thousands digit of 230614?
2
What is the tens digit of 16486427?
2
What is the units digit of 211872?
2
What is the hundred thousands digit of 372034?
3
What is the units digit of 26618?
8
What is the hundred thousands digit of 663624?
6
What is the ten thousands digit of 285166?
8
What is the thousands digit of 80936?
0
What is the thousands digit of 8458019?
8
What is the hundred thousands digit of 171205?
1
What is the units digit o